)/(-90))?
33
Calculate the remainder when 158 is divided by 0 + (-2 - 72/(-6)).
8
What is the remainder when 192 is divided by ((-227)/4)/(-1) - 5/(-20)?
21
Let z(v) = -4*v + 31. Let k be z(-5). Suppose 3*c + 3 = 4*c. Suppose -y + 11 = c*n - 48, -n + k = y. What is the remainder when y is divided by 25?
22
Suppose -m - g + 5 = 0, -5*m + g = -g - 4. Suppose -2*w + 5 = -3*h - 1, -5*w - m*h = -15. What is the remainder when 17 is divided by w?
2
Let l = 237 + -113. Suppose 0 = 29*a - 25*a - l. What is the remainder when 116 is divided by a?
23
Suppose -60 = -3*q - 30. Let c = 4 - 1. Suppose -7 = c*u - 58. What is the remainder when u is divided by q?
7
Let g = -1413 - -1542. What is the remainder when g is divided by 29?
13
Let d(a) = -a**2 - 4*a + 2. Let t be d(5). Let z = t - -78. What is the remainder when z is divided by 9?
8
Suppose l + 2*l + 2*q - 127 = 0, -4*l + 158 = -3*q. Suppose 4 = -3*s - l. Let w(n) = -2*n - 11. Calculate the remainder when 37 is divided by w(s).
18
Suppose 8*o - 6*o - 18 = 0. Let l = 5 + -3. Suppose 0 = 2*u - 3*j - 55, l*j = 2*u + 3*j - 51. What is the remainder when u is divided by o?
8
Let j(a) be the first derivative of 3*a**2/2 - 21*a + 10. What is the remainder when j(14) is divided by (-30)/4*(-8)/10?
3
Let k be 38/(-4) - (-6)/4. Let f be k/(-5) + (-8)/(-20). Suppose -3*v - x = f*x - 36, v = 5*x + 24. What is the remainder when 25 is divided by v?
11
Let p(j) = -j**2 - 22*j - 112. What is the remainder when 25 is divided by p(-11)?
7
Suppose 165 = -i + 6*i. Let l be 1150/299 + (-2)/(-13). Suppose -8*o + l*o = 3*s - 45, -5*o - 3*s + 54 = 0. What is the remainder when i is divided by o?
6
Suppose -48 = -3*a - a. Suppose -735 = -7*h + 2*h. Suppose m - 4*q - 61 = 0, 5*m = 2*m + 3*q + h. What is the remainder when m is divided by a?
9
Let c = 80 + 45. Calculate the remainder when c is divided by 33.
26
Let y(i) = 13*i + 9. Let f(m) = -3*m. Let l(h) = -4*f(h) - y(h). Let g(w) = 2*w**2 + 4*w + 2. Calculate the remainder when l(-23) is divided by g(-3).
6
Let r(a) = -a**3 + 9*a**2 - 3*a + 7. Let w be r(9). Let c = w + 31. Calculate the remainder when 43 is divided by c.
10
Let v(g) = -g + 9. Let n be v(6). Suppose -126 = n*x - 6*x. What is the remainder when x is divided by 15?
12
Suppose -2*a = 4*p + 206, -113 = 2*p + 2*a + a. Let n = -45 - p. Let d(l) = l - 1. What is the remainder when d(5) is divided by n?
0
Let i be (5/15)/(1/102). Let u = i + -24. What is the remainder when 29 is divided by u?
9
What is the remainder when (-905*12/(-10))/(3 - 1) is divided by 26?
23
Suppose -24*x - 126 = -30*x. Calculate the remainder when 74 is divided by x.
11
Calculate the remainder when 531 is divided by 85888/968 + (-6)/(-22).
86
Let o(z) = -z**3 - 5*z**2 - 2*z + 7. Let v be o(-5). Suppose 0*w + v = w. Let b = 25 - w. What is the remainder when 22 is divided by b?
6
Let i(p) = 3*p**2 - 18*p - 55. Calculate the remainder when i(-6) is divided by 42.
35
Let n = 388 + -300. What is the remainder when n is divided by 9?
7
Let q(k) = 11*k**2 - 27*k + 4. What is the remainder when q(6) is divided by 122?
116
Let p be 2*(-2)/8*-2. Calculate the remainder when 2*6/(-4) - (2 + -58) is divided by 28*(-2 - -3*p).
25
Let t(k) = -2*k - 7. What is the remainder when 36 is divided by t(-10)?
10
Suppose 6 = 3*w - 9. Suppose 0*b - w*b + 106 = z, -2*z = 8. What is the remainder when b is divided by 8?
6
Let z(g) = 27*g**2 + 2*g + 1. Let x = -11 - -10. Let c be z(x). Let l = c + -13. What is the remainder when 23 is divided by l?
10
What is the remainder when 1104 is divided by (-30804)/(-476) - (-4)/14?
64
Let y = 27 - 12. Let v = 22 - 20. Suppose 0 = -3*a - f + 32, v*a + 5*f - 43 = -0*f. Calculate the remainder when y is divided by a.
6
Let o = 366 + -346. Calculate the remainder when 99 is divided by o.
19
Suppose 28 - 106 = -j. Calculate the remainder when j is divided by 10.
8
Suppose t + 2 = 6. Suppose 0 = -5*w + 5, -2*i + w - 2 = -15. Suppose i*y - 14 = 5*y. Calculate the remainder when y is divided by t.
3
Suppose 4*x = -0*x - 240. What is the remainder when 40/6*x/(-16) is divided by 7?
4
Let f(m) = m + 3. Suppose -4*p - 178 = 2. Calculate the remainder when f(3) is divided by (2/(-6))/(93/p - -2).
1
Let m(k) = -14*k + 232. What is the remainder when m(-4) is divided by 74?
66
Let u = -27 + 46. Suppose 121*f - 125*f + 3*k + 31 = 0, -5*k - 21 = f. Calculate the remainder when u is divided by f.
3
Let r(z) = -2*z - 36. What is the remainder when r(-30) is divided by 13?
11
Let p = 38 + 88. What is the remainder when p is divided by 16?
14
Let v = 181 - 3. Suppose -2*r = -4*c + r + v, 0 = 2*c - 2*r - 90. Let q = 148 - c. What is the remainder when q is divided by 27?
24
Let g = -25 - -44. Calculate the remainder when g is divided by 8.
3
Let g = 13 - 0. Let y(w) = w - 3. Calculate the remainder when 17 is divided by y(g).
7
Let l(z) = -z**2 + 11*z - 6. Let t = 65 + -56. Calculate the remainder when l(5) is divided by t.
6
Let n(m) = -26*m**3 + 2*m**2 + 2*m + 1. Let p(w) = 8*w - 39. Let a(b) = 10*b - 12. Let f be a(3). What is the remainder when p(f) is divided by n(-1)?
24
Suppose 10*f = 3*f + 28. Suppose 5*s - 87 = -f*l + 4*s, 2*s - 108 = -5*l. Calculate the remainder when l is divided by 2*-4*(9 - 10).
6
Let i = -20 - -53. Let a = 11 + 6. What is the remainder when i is divided by a?
16
Let x(f) = -4 - 6*f**2 + 3*f + 5*f**2 + 5*f. Let m be x(7). Suppose -m*u - u + 5*r = -169, -2*u + 104 = 4*r. What is the remainder when u is divided by 16?
14
Let j(k) = k**3 + 23*k**2 + 10*k + 9. Calculate the remainder when j(-20) is divided by 44.
41
Let c be 36/(-10)*(-60)/36. Suppose t = -3*x - 3, -4*t + c*x = 2*x - 4. Suppose -2*s + 14 + 12 = t. What is the remainder when 51 is divided by s?
12
Let j = 17 - 17. Suppose d + j*d = 12. Suppose -15*n + d*n + 33 = 0. What is the remainder when 32 is divided by n?
10
Let d = 325 + -206. Calculate the remainder when d is divided by 21.
14
Suppose 2*z - 3*p + 67 = 123, -4*z + 72 = 4*p. What is the remainder when 63 is divided by z?
19
Suppose -54*j + 60*j - 282 = 0. Calculate the remainder when 264 is divided by j.
29
Let t = 2454 + -1985. What is the remainder when t is divided by 24?
13
Let s(m) = m**3 + 8*m**2 - m - 1. Let i = 13 + -21. Let l be s(i). Let y(c) = -c**2 + 10*c - 9. Calculate the remainder when 23 is divided by y(l).
11
Suppose 5*i - 48 - 25 = j, -3*i - 5*j = -55. What is the remainder when 39 is divided by i?
9
Suppose -3*y + 180 = -0. Suppose -y = -4*n - 0*n. Suppose -20*k + 170 = -n*k. Calculate the remainder when k is divided by 18.
16
Suppose 2*n = -4, 4*r - 5*n = 8*r - 126. What is the remainder when 110 is divided by r?
8
Let o(x) = 32*x - 88. Calculate the remainder when 695 is divided by o(3).
7
Let p(x) = x. Let o(g) = -2*g + 2. Let k(n) = -o(n) - 3*p(n). Calculate the remainder when 13 - (-2)/((-4)/6) is divided by k(-5).
1
Let x(f) = f - 24. Let y be x(26). Suppose -2*l = y*l - 12. What is the remainder when 3 is divided by l?
0
Suppose 3*k = -5*r + 3*r + 23, -2*k = 10. Suppose 18*v = r*v - 7. Calculate the remainder when 20 is divided by v.
6
Let z = 80 + -42. Suppose 0 = -4*s - 16, -3*a + z = -a - 5*s. Calculate the remainder when a is divided by 36/(-16)*8/(-3).
3
Let y = 58 - 54. Let h = y + 79. What is the remainder when h is divided by 14?
13
Suppose -5*j - 2*r = -49, -5*j + 3*r = -0*r - 64. Suppose 3*u + 15 = 0, 5*u + j = 2*t - 34. What is the remainder when 27 is divided by t?
7
Suppose 0 = 2*h + 3*o - 23, 2*o = -3*h + h + 20. What is the remainder when 61 is divided by h?
5
Suppose 4 = -8*z + 12*z. What is the remainder when 144 is divided by (-6)/18*z*-147?
46
Let l be (-174)/(-34) - 6/51. Suppose 4*y + 10 = -2*p, -4*p = -0*y + l*y + 11. What is the remainder when (5 + -15)*(-4)/p is divided by 7?
5
Let f = -18 + 26. Suppose -3*z + f = -79. Let i(a) = 8*a - 1. What is the remainder when z is divided by i(2)?
14
Let h = -119 + 123. Let k = h + -1. Calculate the remainder when 14 is divided by k.
2
Suppose 63*u - 11432 = 3058. Calculate the remainder when u is divided by 83.
64
Suppose 0 = w + 2*n - 17, 5*n = -w + 20 - 0. Calculate the remainder when (-12)/w + (-39)/(-5) is divided by 4.
3
Suppose 10*w + 1179 = 1279. Calculate the remainder when 305 is divided by 